 prime factors of 2689745.
5, 317, 1697
List the prime factors of 41643494.
2, 20821747
List the prime factors of 1471610.
2, 5, 7, 21023
List the prime factors of 14265338.
2, 61, 116929
What are the prime factors of 3393755?
5, 809, 839
What are the prime factors of 627378?
2, 3, 31, 3373
What are the prime factors of 1182007?
1182007
List the prime factors of 178157.
7, 31, 821
List the prime factors of 52288.
2, 19, 43
List the prime factors of 64760.
2, 5, 1619
List the prime factors of 179531.
11, 19, 859
List the prime factors of 8386284.
2, 3, 509, 1373
List the prime factors of 301187.
349, 863
List the prime factors of 11157749.
2399, 4651
List the prime factors of 5669402.
2, 2834701
List the prime factors of 1022617.
307, 3331
List the prime factors of 338127.
3, 41, 2749
What are the prime factors of 1558036?
2, 127, 3067
List the prime factors of 191267.
17, 11251
What are the prime factors of 25407325?
5, 199, 5107
What are the prime factors of 232781?
17, 13693
What are the prime factors of 4731931?
19, 271, 919
What are the prime factors of 4807555?
5, 961511
List the prime factors of 436196.
2, 109049
List the prime factors of 110960.
2, 5, 19, 73
What are the prime factors of 8902419?
3, 43, 69011
What are the prime factors of 200833?
229, 877
What are the prime factors of 4868228?
2, 1217057
List the prime factors of 2875636.
2, 227, 3167
What are the prime factors of 121569?
3, 7, 827
What are the prime factors of 185132?
2, 31, 1493
What are the prime factors of 637352?
2, 79669
What are the prime factors of 400389?
3, 11, 1103
List the prime factors of 68858.
2, 34429
List the prime factors of 458545.
5, 293, 313
What are the prime factors of 35673?
3, 11, 23, 47
List the prime factors of 20991804.
2, 3, 17, 6053
What are the prime factors of 10779429?
3, 67, 53629
List the prime factors of 305429.
43, 7103
What are the prime factors of 475004?
2, 118751
What are the prime factors of 315215?
5, 23, 2741
List the prime factors of 2963828.
2, 7, 151, 701
What are the prime factors of 2025103?
2025103
List the prime factors of 76640.
2, 5, 479
List the prime factors of 12917433.
3, 17, 47, 317
List the prime factors of 12383459.
11, 19, 193, 307
What are the prime factors of 41545266?
2, 3, 7, 989173
List the prime factors of 608628.
2, 3, 67, 757
What are the prime factors of 68186?
2, 103, 331
List the prime factors of 13707539.
13707539
What are the prime factors of 8865807?
3, 2955269
List the prime factors of 1967093.
167, 11779
List the prime factors of 234211.
234211
What are the prime factors of 697245?
3, 5, 23, 43, 47
List the prime factors of 8351843.
373, 22391
List the prime factors of 5262619.
5262619
List the prime factors of 1946507.
1946507
What are the prime factors of 246147?
3, 11, 7459
What are the prime factors of 131256?
2, 3, 1823
What are the prime factors of 1223960?
2, 5, 37, 827
List the prime factors of 550417.
7, 47, 239
List the prime factors of 3933647.
17, 29, 79, 101
List the prime factors of 272123.
503, 541
List the prime factors of 18334615.
5, 13, 282071
List the prime factors of 986404.
2, 19, 12979
List the prime factors of 28464596.
2, 17, 418597
What are the prime factors of 386320?
2, 5, 11, 439
List the prime factors of 720522.
2, 3, 11, 1213
What are the prime factors of 14097923?
7, 2013989
What are the prime factors of 4790629?
751, 6379
What are the prime factors of 5468529?
3, 11, 165713
List the prime factors of 206781.
3, 68927
What are the prime factors of 847142?
2, 41, 10331
List the prime factors of 14768839.
14768839
List the prime factors of 597920.
2, 5, 37, 101
What are the prime factors of 177392?
2, 11087
List the prime factors of 112354.
2, 11, 5107
List the prime factors of 480198.
2, 3, 163, 491
What are the prime factors of 3133440?
2, 3, 5, 17
List the prime factors of 5564842.
2, 2782421
What are the prime factors of 202569?
3, 67523
List the prime factors of 2337627.
3, 19, 41011
What are the prime factors of 227698?
2, 17, 37, 181
What are the prime factors of 14641847?
11, 121007
What are the prime factors of 230912?
2, 11, 41
List the prime factors of 356657.
7, 50951
List the prime factors of 265986.
2, 3, 7, 2111
List the prime factors of 762297.
3, 17, 14947
What are the prime factors of 4290092?
2, 251, 4273
What are the prime factors of 266196?
2, 3, 7, 3169
List the prime factors of 5674.
2, 2837
List the prime factors of 541792.
2, 16931
What are the prime factors of 266935?
5, 197, 271
List the prime factors of 1249077.
3, 416359
What are the prime factors of 79420?
2, 5, 11, 19
What are the prime factors of 3760?
2, 5, 47
What are the prime factors of 1878857?
17, 79, 1399
List the prime factors of 28211587.
28211587
What are the prime factors of 1281482?
2, 640741
List the prime factors of 287938.
2, 7, 131, 157
What are the prime factors of 1298948?
2, 7, 23, 2017
List the prime factors of 22074550.
2, 5, 113, 3907
What are the prime factors of 14370656?
2, 449083
What are the prime factors of 2263333?
197, 11489
List the prime factors of 435952.
2, 11, 2477
List the prime factors of 7251368.
2, 906421
What are the prime factors of 279552?
2, 3, 7, 13
What are the prime factors of 8430548?
2, 7, 43013
List the prime factors of 615181.
7, 23, 3821
List the prime factors of 318414.
2, 3, 53069
What are the prime factors of 4550455?
5, 7, 13, 73, 137
What are the prime factors of 618535?
5, 123707
List the prime factors of 3363568.
2, 13, 103, 157
List the prime factors of 2296456.
2, 287057
What are the prime factors of 334116?
2, 3, 9281
What are the prime factors of 174857?
19, 9203
List the prime factors of 136935.
3, 5, 17, 179
What are the prime factors of 6847956?
2, 3, 163, 389
What are the prime factors of 728817?
3, 379, 641
What are the prime factors of 3400671?
3, 151, 7507
What are the prime factors of 3120755?
5, 11, 23, 2467
What are the prime factors of 46675?
5, 1867
List the prime factors of 120681.
3, 11, 23, 53
List the prime factors of 1474109.
7, 13, 97, 167
What are the prime factors of 236776?
2, 17, 1741
What are the prime factors of 1247209?
1247209
List the prime factors of 320293.
320293
List the prime factors of 475940.
2, 5, 53, 449
What are the prime factors of 765984?
2, 3, 79, 101
List the prime factors of 268413.
3, 17, 19, 277
List the prime factors of 8417947.
67, 125641
What are the prime factors of 15098389?
101, 149489
List the prime factors of 155442.
2, 3, 7, 3701
What are the prime factors of 3100078?
2, 19, 23, 3547
What are the prime factors of 4898830?
2, 5, 467, 1049
List the prime factors of 1773961.
7, 253423
List the prime factors of 32951455.
5, 71, 92821
What are the prime factors of 6889271?
41, 113, 1487
What are the prime factors of 1319820?
2, 3, 5, 21997
What are the prime factors of 1426229?
7, 67, 3041
What are the prime factors of 3664751?
23, 159337
What are the prime factors of 100214?
2, 89, 563
What are the prime factors of 571692?
2, 3, 11, 61, 71
What are the prime factors of 6287633?
11, 571603
List the prime factors of 26223.
3, 8741
List the prime factors of 454295.
5, 43, 2113
What are the prime factors of 565572?
2, 3, 7, 6733
List the prime factors of 374213.
7, 1091
What are the prime factors of 157548?
2, 3, 19, 691
What are the prime factors of 20627874?
2, 3, 29, 43, 919
List the prime factors of 1280554.
2, 11, 58207
List the prime factors of 1409233.
7, 23, 8753
List the prime factors of 970331.
31, 113, 277
List the prime factors of 30164.
2, 7541
What are the prime factors of 64137?
3, 21379
What are the prime factors of 1409200?
2, 5, 13, 271
What are the prime factors of 199584?
2, 3, 7, 11
What are the prime factors of 5492547?
3, 17, 35899
What are the prime factors of 3156722?
2, 1578361
What are the prime factors of 137614?
2, 83, 829
List the prime factors of 4632759.
3, 514751
What are the prime factors of 177636?
2, 3, 113, 131
List the prime factors of 362741.
362741
List the prime factors of 11596839.
3, 17, 29, 7841
List the prime factors of 8978471.
8978471
What are the prime factors of 1623715?
5, 324743
List the prime factors of 238938.
2, 3, 7, 5689
List the prime factors of 3687471.
3, 136573
List the prime factors of 2110747.
233, 9059
What are t